*3/3 - 3*k - 14. Determine c(-2).
12
Let v(m) = -2*m + 6 + 2*m - 2*m + 0*m. Suppose -13*r + 12*r - 2 = 0. Let y = 8 + r. What is v(y)?
-6
Let n(b) = 8*b**2 - 10*b + 12. Let k(u) = 19*u**2 - 18*u + 25. Let y(p) = -2*k(p) + 5*n(p). What is y(7)?
10
Let f(d) = -4*d + 57. Let c(b) = -8*b + 110. Let k(z) = 6*c(z) - 11*f(z). Calculate k(8).
1
Let v be (5 - (-10)/(-6))*-3. Let i(h) = h**3 + 11*h**2 + 12*h + 12. What is i(v)?
-8
Let t(a) = -2*a**2 - 6*a + 10. Let g be ((-63)/14)/(-1 - (-28)/16). What is t(g)?
-26
Let p(a) = -2*a. Let u be 1/(-1)*(17 - 17). Suppose u = 20*b - 22*b + 2. What is p(b)?
-2
Let n(l) = l - 2. Suppose -3*t - 2*z + 6 + 9 = 0, 0 = -3*z. Suppose 2*s - v + 2 = 3*s, -v = t*s - 10. What is n(s)?
0
Let j(i) = -i**2 + 6*i + 6. Let h = 56 + 87. Let f = -137 + h. Give j(f).
6
Let q(n) = n**3 - 7*n**2 + 6*n + 11. Suppose 4242*y - 4251*y + 54 = 0. Calculate q(y).
11
Let h(y) = -y**3 - 6*y**2 - 5*y - 8. Suppose -37*r - 12 = -36*r + 3*l, -r + 3*l = 0. What is h(r)?
22
Let o(t) = 582 + t**3 - 1165 - t + 572 + 9*t**2. Calculate o(-9).
-2
Suppose -106*m - 96 = -94*m. Let z(w) = w**3 + 9*w**2 + 5*w - 16. Give z(m).
8
Let r(u) be the third derivative of -u**4/12 - u**3/3 - 3*u**2. Let j be r(2). Let n(q) = q. Let v(b) = -2*b + 8. Let w(z) = 3*n(z) + v(z). Calculate w(j).
2
Suppose -x = -2*x + 7. Let v = -5 + x. Suppose 4*m = -2*w - 0*w + 14, -v*m + 8 = 2*w. Let u(b) = 4*b**3 + b**2. What is u(w)?
5
Let k be (-30)/(-42) + (2/7 - 0). Let i(f) = 2*f - 11*f + 7*f + k. Calculate i(3).
-5
Let n be 4*4/(48/(-15)). Let t(h) = -h - 9*h + 7*h - 8 + 2*h. Give t(n).
-3
Let f(c) = -c - 1. Let u(h) be the third derivative of -5*h**4/4 - 9*h**3/2 - 14*h**2. Let d(y) = 108*f(y) - 4*u(y). Calculate d(-1).
-12
Let l be 2 - ((20/32)/5 + 385/56). Let b(f) be the third derivative of f**6/120 + f**5/15 - f**4/6 + f**3/6 + f**2. Determine b(l).
-4
Let v(z) be the third derivative of -z**4/24 + z**3/2 + 2*z**2. Let n be v(-6). Suppose -4*j = 7 + n. Let d(p) = p**3 + 4*p**2 - 3*p - 2. Give d(j).
10
Let s(k) = k**3 - k**2 - 10*k**2 - 18 - 2*k**3 - k + 5. Let r be s(-11). Let x(j) = 6 + j + 4*j**2 - 3*j**2 - 6. Determine x(r).
2
Let a(d) be the first derivative of d**2/2 - 11*d + 8. Suppose 3*l - 4*j - 11 = 0, -3*j = 4*l + 2*j - 25. Calculate a(l).
-6
Let o(f) be the third derivative of f**8/20160 + f**7/5040 - f**6/720 - 7*f**5/30 + 6*f**2. Let b(u) be the third derivative of o(u). What is b(-3)?
5
Let z be -2 + 10 - 40/8. Let v(n) = 15 + 6*n - 13 + 0 - z. Give v(1).
5
Suppose 3*i = -2*i - 20. Let x(y) = 14*y + 12. Let h(f) = 6*f + 5. Let b(o) = 12*h(o) - 5*x(o). Calculate b(i).
-8
Let u(k) be the second derivative of k**4/12 + k**3 - k**2 + k. Let w be -9 + 1 + (82 - 80) - (-1 - -1). Determine u(w).
-2
Let p be ((-4)/10)/((-2)/30). Suppose -3*a = -9 - p. Let v(h) = h + 5. Give v(a).
10
Let n(y) = 5*y - 3. Suppose 4*u = 4*g + 4, 5 = -2*u - 3*u + 3*g. Give n(u).
-23
Let d(p) = -2*p + 13. Let c = 160 + -130. Suppose 7*t = 12 + c. What is d(t)?
1
Let p(d) = -10 + 59*d - 7*d**2 + d**3 - 30*d - 30*d. Give p(7).
-17
Let g(u) = 6*u + 3. Let z be g(6). Suppose 2*w - 1 - z = 0. Suppose 2*k = 6*k + w. Let o(d) = d**3 + 6*d**2 + 4*d - 7. Calculate o(k).
-2
Let s(v) = -3*v**3 + 4*v**2 - 2*v. Suppose -6*l - k + 25 = -2*l, -5*l - 5*k + 35 = 0. Suppose -8*o - l = -22. What is s(o)?
-12
Let z be -1 - (-8 - (3 + -3)). Let m(c) = 10*c + 7*c**2 - c**3 - z*c - 10*c - 3. Let s = 0 - -6. Give m(s).
-9
Let o(a) = 2*a + 1. Let n(l) = -l - 1. Let k(r) = 5*r + 5. Let q(g) = k(g) + 4*n(g). Let h(m) = -o(m) + 3*q(m). Determine h(-4).
-2
Let l(k) = -2*k - 7. Let t = 105 + -93. Let p = t + -19. What is l(p)?
7
Let s(z) = -13*z**3 - 3*z**2 - z + 2. Let b(u) = -7*u**3 - 2*u**2 - u + 1. Let r(v) = 11*b(v) - 6*s(v). Let j = 23 + -24. Let t be j/(-3*4/60). Give r(t).
-1
Let m(h) = h - 12. Suppose -19*k + 99 = 4. What is m(k)?
-7
Let o(t) = -7*t - 198. Let a(u) = 2*u + 67. Let n(l) = -11*a(l) - 4*o(l). Determine n(-8).
7
Let f(p) = -3*p**2 - 7*p + 17. Let o be f(4). Let n = -57 - o. Let y(z) be the third derivative of z**4/24 - z**2. Give y(n).
2
Let z be -1 + 16 - (-616)/(-88). Let d(q) be the first derivative of q**3/3 - 3*q**2 - 7*q - 3. What is d(z)?
9
Let t(u) = -u + 6. Suppose 4*a - 2*s = 270, 0*a + 245 = 4*a + 3*s. Let r = -56 + a. Determine t(r).
-3
Let i(r) be the third derivative of r**5/60 + r**4/24 + r**3/6 + 37*r**2. Let w(n) = -n**3 + 6*n**2 - n + 6. Let d be w(6). Calculate i(d).
1
Suppose -16*v + 24 + 8 = 0. Let l(d) be the first derivative of -5/2*d**v - d - 8 - 1/3*d**3. What is l(-5)?
-1
Let v(a) be the first derivative of -a**4/4 - 4*a**3/3 + a**2/2 - 5*a - 82. What is v(-4)?
-9
Let f(l) be the first derivative of 3*l**2 - l - 2. Suppose 77*t - b = 75*t - 8, -2*t - 3*b = -8. Give f(t).
-13
Let p(h) be the third derivative of 0*h + 0 - 7/6*h**3 + 8*h**2 - 1/24*h**4. What is p(-3)?
-4
Let r(l) = -l**3 + 2*l**2 + 9*l + 3. Suppose 145 = 24*o + 49. Give r(o).
7
Let u(l) = -l**3 - 6*l**2 - 5*l + 4. Let o = 175 - 179. Determine u(o).
-8
Suppose 4*t = t + 147. Let a = -54 + t. Let g(i) = i**3 + 4*i**2 - 6*i - 3. Determine g(a).
2
Let y(u) = -u**2 - 11*u + 1. Suppose 2*j = j - 5*v - 31, 5*j - v = -25. What is y(j)?
31
Let t = 42 + -42. Let p(c) = -2 + t + 1 + 2*c - c**3 + c**2 + 2. Calculate p(-1).
1
Let p(f) be the second derivative of f**3/6 + 9*f**2/2 + 238*f. Let y(i) = -i**3 - i**2. Let x be y(-1). Determine p(x).
9
Let c(v) be the third derivative of v**4/24 - 4*v**3/3 - 28*v**2. Let n = 3 + 3. Give c(n).
-2
Suppose 0*m = 5*m + 5. Let t(q) be the second derivative of -3*q**4/4 + 7*q - 8. Calculate t(m).
-9
Let m = -210 + 204. Let o(p) = -5*p**3 + 13*p**2 + 6*p - 7. Let t(h) = 4*h**3 - 12*h**2 - 6*h + 6. Let r(g) = 5*o(g) + 6*t(g). What is r(m)?
1
Let b be (-1)/5 + 52/10. Suppose -5*f + 7 = y, -b*f - 2*y = 3*y + 5. Let v(h) = -1 + 0 + h**2 + h**3 + h - 3*h**2. Give v(f).
1
Let t(i) = i**2 + 3*i - 3. Let h(b) = -b**3 + 18*b**2 + 40*b - 4. Let r be h(20). Determine t(r).
1
Let j(g) = g**2 + 74. Suppose 2*w + 0*w - 3*v = -2*w, -2*v = 0. Determine j(w).
74
Let l(g) = -g**2 + 10*g - 9. Let a(z) = 40*z + 410. Let o be a(-10). What is l(o)?
-9
Let g(u) = u**3 - 9*u**2 - 8*u - 11. Let y = -263 + 273. Calculate g(y).
9
Let y(z) = -2*z**3 + 11*z**2 - 6*z + 11. Let t be y(5). Let b(d) = -d**2 + 10*d - 18. Determine b(t).
6
Let o(a) be the third derivative of -a**6/120 + a**5/15 + 10*a**2. Let j be o(4). Let b(y) = y**3 + y - 5. Determine b(j).
-5
Let c(p) = -p**2 - 8*p + 13. Let w be 2 + -8 + -7 + 15/5. Determine c(w).
-7
Let p(h) = 15 - 19*h + 41*h - 5 - 21*h + 6. What is p(-9)?
7
Let o(b) = 12*b**2 - 9*b - 15. Let f(t) = 5*t**2 - 5*t - 7. Let s(u) = -7*f(u) + 3*o(u). Let l = -12 + 6. Give s(l).
-8
Let s = 4 + -5. Let w(z) be the second derivative of z**3/6 + z**2/2 + z. Let b(k) = -5*k - 1. Let i(f) = -b(f) - 2*w(f). Give i(s).
-4
Let n = 128 + -118. Let j(y) = -2*y + 20. Determine j(n).
0
Let w(l) = l**2 + 5*l + 6. Let n be 4 + -8 + -1 - -6. Suppose -n - 6 = s. Calculate w(s).
20
Let q(g) = 4*g**3 - 11*g**2 - 5*g - 5. Let a(v) = 3*v**3 - 10*v**2 - 5*v - 5. Let p(h) = 5*a(h) - 4*q(h). Determine p(-5).
-5
Let b(t) = t**3 + 11*t**2 - 12*t - 9. Suppose 213*r - 212*r + 12 = 0. What is b(r)?
-9
Let n(l) = 2*l**2 - 2. Let s = -1 - 0. Let o be n(s). Let p(d) = -d**2 - 3. Give p(o).
-3
Let d be ((-7)/21)/((-1)/18). Let j be (d + -5)/(3/12). Let u(i) = i**3 - 3*i**2 - i - 3. Give u(j).
9
Let d(u) = -2*u - 1. Let b be 35*-3 - (-5 - 1 - -3). Let g = 106 + b. Determine d(g).
-9
Let s(o) = -o**3 - 3*o**2 + 2*o + 2. Let q be 18/(-1 + -2)*(-8)/(-16). What is s(q)?
-4
Suppose 4*w + 2*m = -0*m + 4, -2*m = 5*w - 6. Let y(r) = -13*r + 3*r**2 + 17 + 1 - w*r**2 + 0*r. Let a be y(12). Let s(j) = j**3 - 6*j**2 + j - 2. Give s(a).
4
Let y(x) = -8*x + 6. Suppose j = 4 - 14. Let u be (j - (-35)/5)/(3/(-4)). Determine y(u).
-26
Suppose 2*w - 4*n = 272, 2*w + 2*n = 7*w - 704. Let u = -147 + w. Let k(q) = -q**2 - 3*q**2 + q**2 + 7*q - q**3 - 1. What is k(u)?
14
Let p(b) be the third derivative of -b**4/12 - 39*b**2. Give p(10).
-20
Let b(i) be the third derivative of -i**5/60 - i**4/4 - i**3/2 + i**2. Suppose 5*y - 17 = -3*z, 2*y - 6*y + 2*z + 18 = 0. Suppose 2*n = -y - 6. Give b(n).
2
Suppose -3*n + 3 + 3 = 0. Let f(k) =